{"id":280,"date":"2020-08-24T14:31:34","date_gmt":"2020-08-24T12:31:34","guid":{"rendered":"http:\/\/xn--coproprit-binquenais-i2bb.fr\/?page_id=280"},"modified":"2023-07-06T11:50:04","modified_gmt":"2023-07-06T09:50:04","slug":"evolution-des-travaux","status":"publish","type":"page","link":"https:\/\/copropriete-binquenais.fr\/index.php\/evolution-des-travaux\/","title":{"rendered":"\u00c9volution des travaux"},"content":{"rendered":"\n<p id=\"block-881c5dd6-adad-444e-8a81-cc767ec5b618\"><mark style=\"background-color:rgba(0, 0, 0, 0)\" class=\"has-inline-color has-black-color\">Les travaux ont d\u00e9marr\u00e9 par la pr\u00e9paration du chantier :<br>Pose de garde-corps et de filets de s\u00e9curit\u00e9 sur les 2 toits-terrasses, ainsi que de panneaux au sol pour prot\u00e9ger le rev\u00eatement d&rsquo;\u00e9tanch\u00e9it\u00e9.<br>Jeudi 20 ao\u00fbt : les bases des nacelles-bi-m\u00e2ts sont grut\u00e9es sur les toits-terrasses.<\/mark><\/p>\n\n\n\n<figure class=\"wp-block-gallery has-nested-images columns-default is-cropped wp-block-gallery-2 is-layout-flex wp-block-gallery-is-layout-flex\">\n<figure class=\"wp-block-image size-large\"><img loading=\"lazy\" decoding=\"async\" width=\"1024\" height=\"682\" data-id=\"281\" src=\"https:\/\/copropriete-binquenais.fr\/wp-content\/uploads\/2020\/08\/travaux-pignons-20-08-2020-14h07-55-1-1024x682.jpg\" alt=\"\" class=\"wp-image-281\" srcset=\"https:\/\/copropriete-binquenais.fr\/wp-content\/uploads\/2020\/08\/travaux-pignons-20-08-2020-14h07-55-1-1024x682.jpg 1024w, https:\/\/copropriete-binquenais.fr\/wp-content\/uploads\/2020\/08\/travaux-pignons-20-08-2020-14h07-55-1-300x200.jpg 300w, https:\/\/copropriete-binquenais.fr\/wp-content\/uploads\/2020\/08\/travaux-pignons-20-08-2020-14h07-55-1-768x512.jpg 768w, https:\/\/copropriete-binquenais.fr\/wp-content\/uploads\/2020\/08\/travaux-pignons-20-08-2020-14h07-55-1-1536x1023.jpg 1536w, https:\/\/copropriete-binquenais.fr\/wp-content\/uploads\/2020\/08\/travaux-pignons-20-08-2020-14h07-55-1.jpg 1732w\" sizes=\"auto, (max-width: 767px) 89vw, (max-width: 1000px) 54vw, (max-width: 1071px) 543px, 580px\" \/><\/figure>\n\n\n\n<figure class=\"wp-block-image size-large\"><img loading=\"lazy\" decoding=\"async\" width=\"1024\" height=\"825\" data-id=\"282\" src=\"https:\/\/copropriete-binquenais.fr\/wp-content\/uploads\/2020\/08\/travaux-pignons-20-aout-2020-14h03-55-3-1024x825-1.jpg\" alt=\"\" class=\"wp-image-282\" srcset=\"https:\/\/copropriete-binquenais.fr\/wp-content\/uploads\/2020\/08\/travaux-pignons-20-aout-2020-14h03-55-3-1024x825-1.jpg 1024w, https:\/\/copropriete-binquenais.fr\/wp-content\/uploads\/2020\/08\/travaux-pignons-20-aout-2020-14h03-55-3-1024x825-1-300x242.jpg 300w, https:\/\/copropriete-binquenais.fr\/wp-content\/uploads\/2020\/08\/travaux-pignons-20-aout-2020-14h03-55-3-1024x825-1-768x619.jpg 768w\" sizes=\"auto, (max-width: 767px) 89vw, (max-width: 1000px) 54vw, (max-width: 1071px) 543px, 580px\" \/><\/figure>\n<\/figure>\n\n\n\n<p><strong><em>Du 21 au 25 ao\u00fbt <\/em><\/strong>ont principalement \u00e9t\u00e9 mont\u00e9es sur les bases, les passerelles sur lesquelles se trouveront les intervenants. Suivra l&#8217;empilement des modules des m\u00e2ts.<\/p>\n\n\n<div class=\"wp-block-image is-style-default\">\n<figure class=\"alignleft size-medium\"><img loading=\"lazy\" decoding=\"async\" width=\"300\" height=\"215\" src=\"https:\/\/copropriete-binquenais.fr\/wp-content\/uploads\/2020\/09\/IMG_0586-2-50-25-09-300x215.jpg\" alt=\"\" class=\"wp-image-324\" srcset=\"https:\/\/copropriete-binquenais.fr\/wp-content\/uploads\/2020\/09\/IMG_0586-2-50-25-09-300x215.jpg 300w, https:\/\/copropriete-binquenais.fr\/wp-content\/uploads\/2020\/09\/IMG_0586-2-50-25-09-768x551.jpg 768w, https:\/\/copropriete-binquenais.fr\/wp-content\/uploads\/2020\/09\/IMG_0586-2-50-25-09.jpg 1024w\" sizes=\"auto, (max-width: 300px) 100vw, 300px\" \/><figcaption class=\"wp-element-caption\"><strong><em>Du 21 au 25 ao\u00fbt <\/em><\/strong>ont principalement \u00e9t\u00e9 mont\u00e9es sur les bases, les passerelles sur lesquelles se trouveront les intervenants. Suivra l&#8217;empilement des modules des m\u00e2ts.<\/figcaption><\/figure>\n<\/div>\n\n<div class=\"wp-block-image\">\n<figure class=\"alignright size-medium\"><img loading=\"lazy\" decoding=\"async\" width=\"203\" height=\"300\" src=\"https:\/\/copropriete-binquenais.fr\/wp-content\/uploads\/2020\/09\/Ecotais-2-sept.2020--203x300.jpg\" alt=\"\" class=\"wp-image-329\" srcset=\"https:\/\/copropriete-binquenais.fr\/wp-content\/uploads\/2020\/09\/Ecotais-2-sept.2020--203x300.jpg 203w, https:\/\/copropriete-binquenais.fr\/wp-content\/uploads\/2020\/09\/Ecotais-2-sept.2020--692x1024.jpg 692w, https:\/\/copropriete-binquenais.fr\/wp-content\/uploads\/2020\/09\/Ecotais-2-sept.2020--768x1137.jpg 768w, https:\/\/copropriete-binquenais.fr\/wp-content\/uploads\/2020\/09\/Ecotais-2-sept.2020--1038x1536.jpg 1038w, https:\/\/copropriete-binquenais.fr\/wp-content\/uploads\/2020\/09\/Ecotais-2-sept.2020-.jpg 1162w\" sizes=\"auto, (max-width: 203px) 100vw, 203px\" \/><figcaption class=\"wp-element-caption\">.M<strong><em>ercredi 2 sept.<\/em><\/strong> le montage des m\u00e2ts a bien avanc\u00e9. Ceux-ci sont fix\u00e9s \u00e0 l&rsquo;immeuble tous les 2 \u00e9tages<\/figcaption><\/figure>\n<\/div>\n\n\n<p><\/p>\n\n\n<div class=\"wp-block-image\">\n<figure class=\"aligncenter size-large is-resized\"><img loading=\"lazy\" decoding=\"async\" src=\"https:\/\/copropriete-binquenais.fr\/wp-content\/uploads\/2020\/09\/pignons-Est-5-sept--scaled.jpg\" alt=\"\" class=\"wp-image-336\" width=\"265\" height=\"420\" srcset=\"https:\/\/copropriete-binquenais.fr\/wp-content\/uploads\/2020\/09\/pignons-Est-5-sept--scaled.jpg 1613w, https:\/\/copropriete-binquenais.fr\/wp-content\/uploads\/2020\/09\/pignons-Est-5-sept--189x300.jpg 189w\" sizes=\"auto, (max-width: 265px) 100vw, 265px\" \/><\/figure>\n<\/div>\n\n\n<p class=\"has-text-align-left\"><em><strong>4 sept <\/strong><\/em>: le montage et la fixation des 2 m\u00e2ts sont achev\u00e9s c\u00f4t\u00e9 est (rue des Ecotais). Selon la nature des travaux en cours, les acc\u00e8s (rampe + escalier) proches du N\u00b010 sont barr\u00e9s, afin qu&rsquo;il n&rsquo;y ait pas de risques de chutes de gravats sur les passants. Ces acc\u00e8s seront r\u00e9 ouverts en dehors des horaires de travail (8h &#8211; 17 h environ).<\/p>\n\n\n\n<p>s<em><strong>emaine 7 &#8211; 11 sept.<\/strong> <\/em>le montage des m\u00e2ts cot\u00e9 ouest (rue Andr\u00e9 Rouault) commencera d\u00e8s qu&rsquo;un branchement chantier EDF suffisant sera r\u00e9alis\u00e9. Le d\u00e9but de la d\u00e9pose des briques est pr\u00e9vu <strong><em>\u00e0 partir du 14 sept.<\/em><\/strong><\/p>\n\n\n\n<p>C\u00f4t\u00e9 Est (rue des Ecotais<\/p>\n\n\n\n<figure class=\"wp-block-image size-large is-resized\"><img loading=\"lazy\" decoding=\"async\" src=\"https:\/\/copropriete-binquenais.fr\/wp-content\/uploads\/2020\/09\/travaux-pignons-14-sept-2020-2_-1.jpg\" alt=\"\" class=\"wp-image-342\" width=\"495\" height=\"380\"\/><\/figure>\n\n\n\n<p><strong>Semaine 8, Lundi 14 sept.<\/strong> : Au pignon Ecotais (\u00e0 l&rsquo;est), un ouvrier a commenc\u00e9 &#8211; par cette journ\u00e9e de forte chaleur (34\u00b0) &#8211; \u00e0 scier \u00e0 la meuleuse le haut du mur de briques.<\/p>\n\n\n\n<figure class=\"wp-block-image size-large is-resized\"><img loading=\"lazy\" decoding=\"async\" src=\"https:\/\/copropriete-binquenais.fr\/wp-content\/uploads\/2020\/09\/pignon-est-14-sept-2020-.jpg\" alt=\"\" class=\"wp-image-343\" width=\"530\" height=\"229\"\/><\/figure>\n\n\n<div class=\"wp-block-image is-style-default\">\n<figure class=\"alignright size-large is-resized\"><img loading=\"lazy\" decoding=\"async\" src=\"https:\/\/copropriete-binquenais.fr\/wp-content\/uploads\/2020\/09\/travaux-pignons-16-sept-2020_-1.jpg\" alt=\"\" class=\"wp-image-344\" width=\"338\" height=\"483\"\/><\/figure>\n<\/div>\n\n\n<p class=\"has-text-align-left\">C\u00f4t\u00e9 ouest (rue Rouault), le second branchement \u00e9lectrique a \u00e9t\u00e9 r\u00e9alis\u00e9.  Le montage des m\u00e2ts va pouvoir commencer.<\/p>\n\n\n<div class=\"wp-block-image\">\n<figure class=\"alignright size-large\"><img decoding=\"async\" src=\"https:\/\/copropriete-binquenais.fr\/wp-content\/uploads\/2020\/09\/pignon-est-16-sept-2020-.jpg\" alt=\"\" class=\"wp-image-345\"\/><\/figure>\n<\/div>\n\n\n<p><\/p>\n\n\n\n<p><\/p>\n\n\n\n<p><\/p>\n\n\n\n<p><\/p>\n\n\n\n<p>Pendant ce temps, \u00e0 l&rsquo;est la d\u00e9construction avance.<\/p>\n\n\n\n<p>A partir du 21 septembre, l&rsquo;\u00e9quipe de d\u00e9molition de l&rsquo;entreprise SFB va \u00eatre renforc\u00e9e afin d&rsquo;acc\u00e9l\u00e9rer la d\u00e9construction des murs de parement.<\/p>\n\n\n\n<p>22 septembre 2020 : Arr\u00eat provisoire du chantier reprise pr\u00e9vue en fin de semaine.<\/p>\n\n\n<div class=\"wp-block-image\">\n<figure class=\"alignright size-large is-resized\"><img loading=\"lazy\" decoding=\"async\" src=\"https:\/\/copropriete-binquenais.fr\/wp-content\/uploads\/2020\/10\/2020-10-03Est-1.png\" alt=\"\" class=\"wp-image-387\" width=\"302\" height=\"448\"\/><\/figure>\n<\/div>\n\n\n<p><\/p>\n\n\n\n<p><strong>samedi 3 oct.<\/strong> : au lever du soleil on voit que 40% du mur de briques a \u00e9t\u00e9 d\u00e9construit.<\/p>\n\n\n\n<p><\/p>\n\n\n\n<p><\/p>\n\n\n\n<p><\/p>\n\n\n\n<p><\/p>\n\n\n\n<p><\/p>\n\n\n\n<p><strong>6 oct. :<\/strong> un des ouvriers de la SFB &#8211; Sciage Forage Bretagne &#8211; d\u00e9colle un \u00e9l\u00e9ment du mur de briques au niveau du 3\u00e8me \u00e9tage c\u00f4t\u00e9 rue des Ecotais.<\/p>\n\n\n<div class=\"wp-block-image\">\n<figure class=\"alignleft size-large is-resized\"><img loading=\"lazy\" decoding=\"async\" src=\"https:\/\/copropriete-binquenais.fr\/wp-content\/uploads\/2020\/10\/EST-sfb.png\" alt=\"\" class=\"wp-image-391\" width=\"428\" height=\"285\"\/><\/figure>\n<\/div>\n\n\n<figure class=\"wp-block-image size-large is-resized\"><img loading=\"lazy\" decoding=\"async\" src=\"https:\/\/copropriete-binquenais.fr\/wp-content\/uploads\/2020\/10\/20-10-07-rouault.png\" alt=\"\" class=\"wp-image-392\" width=\"149\" height=\"224\"\/><\/figure>\n\n\n\n<p><strong>7 oct.<\/strong> : c\u00f4t\u00e9 ouest (Rouault), la d\u00e9construction du mur de briques a \u00e9t\u00e9 commenc\u00e9e..<\/p>\n\n\n\n<p>P<em>endant que sur l&rsquo;autre pignon &#8211; o\u00f9 le mur de briques est presque enti\u00e8rement d\u00e9construit &#8211; un ma\u00e7on comblait les anciens trous d&rsquo;\u00e9chafaudage et les recouvrait de plaques qui assureront une bonne adh\u00e9sion \u00e0 l&rsquo;enduit qui y sera projet\u00e9, en pr\u00e9vision de la pose de l&rsquo;isolant thermique.<\/em> (la diff\u00e9rence de couleurs s&rsquo;explique par le fait qu&rsquo;il n&rsquo;a pas plu sur la partie venant d&rsquo;\u00eatre mise \u00e0 nu).<\/p>\n\n\n<div class=\"wp-block-image\">\n<figure class=\"alignright size-large is-resized\"><img loading=\"lazy\" decoding=\"async\" src=\"https:\/\/copropriete-binquenais.fr\/wp-content\/uploads\/2020\/10\/detail-mur.jpg\" alt=\"\" class=\"wp-image-396\" width=\"368\" height=\"245\"\/><\/figure>\n<\/div>\n\n<div class=\"wp-block-image\">\n<figure class=\"alignleft size-large is-resized\"><img loading=\"lazy\" decoding=\"async\" src=\"https:\/\/copropriete-binquenais.fr\/wp-content\/uploads\/2020\/10\/20-10-07-Est.png\" alt=\"\" class=\"wp-image-394\" width=\"270\" height=\"399\" srcset=\"https:\/\/copropriete-binquenais.fr\/wp-content\/uploads\/2020\/10\/20-10-07-Est.png 3240w, https:\/\/copropriete-binquenais.fr\/wp-content\/uploads\/2020\/10\/20-10-07-Est-203x300.png 203w\" sizes=\"auto, (max-width: 270px) 100vw, 270px\" \/><\/figure>\n<\/div>\n\n\n<p><\/p>\n\n\n\n<p><\/p>\n\n\n\n<p><\/p>\n\n\n\n<p><\/p>\n\n\n\n<p><\/p>\n\n\n\n<p><\/p>\n\n\n\n<p><\/p>\n\n\n\n<figure class=\"wp-block-image size-large is-resized\"><img loading=\"lazy\" decoding=\"async\" src=\"https:\/\/copropriete-binquenais.fr\/wp-content\/uploads\/2020\/10\/Pignon-20-10-09.png\" alt=\"\" class=\"wp-image-401\" width=\"349\" height=\"464\" srcset=\"https:\/\/copropriete-binquenais.fr\/wp-content\/uploads\/2020\/10\/Pignon-20-10-09.png 3242w, https:\/\/copropriete-binquenais.fr\/wp-content\/uploads\/2020\/10\/Pignon-20-10-09-225x300.png 225w\" sizes=\"auto, (max-width: 349px) 100vw, 349px\" \/><\/figure>\n\n\n\n<p>Le 09 octobre 2020, le parement, c\u00f4t\u00e9 rue des Ecotais, est totalement d\u00e9construit. A partir du 12 octobre, le mur sera fini d&rsquo;\u00eatre pr\u00e9parer pour que l&rsquo;enduiseur puisse venir.<\/p>\n\n\n\n<p>Le 12 novembre, les d\u00e9molisseurs passent c\u00f4t\u00e9 ouest (rue Andr\u00e9 Rouault).  Pendant la journ\u00e9e, l&rsquo;entr\u00e9e dans le parking se fera par la sortie actuelle. Soyez tr\u00e8s vigilant.<\/p>\n","protected":false},"excerpt":{"rendered":"<p>Les travaux ont d\u00e9marr\u00e9 par la pr\u00e9paration du chantier :Pose de garde-corps et de filets de s\u00e9curit\u00e9 sur les 2 toits-terrasses, ainsi que de panneaux au sol pour prot\u00e9ger le rev\u00eatement d&rsquo;\u00e9tanch\u00e9it\u00e9.Jeudi 20 ao\u00fbt : les bases des nacelles-bi-m\u00e2ts sont grut\u00e9es sur les toits-terrasses. Du 21 au 25 ao\u00fbt ont principalement \u00e9t\u00e9 mont\u00e9es sur les &hellip; <\/p>\n<p class=\"link-more\"><a href=\"https:\/\/copropriete-binquenais.fr\/index.php\/evolution-des-travaux\/\" class=\"more-link\">Continuer la lecture<span class=\"screen-reader-text\"> de &laquo;&nbsp;\u00c9volution des travaux&nbsp;&raquo;<\/span><\/a><\/p>\n","protected":false},"author":4,"featured_media":0,"parent":0,"menu_order":0,"comment_status":"closed","ping_status":"closed","template":"","meta":{"footnotes":""},"class_list":["post-280","page","type-page","status-publish","hentry"],"_links":{"self":[{"href":"https:\/\/copropriete-binquenais.fr\/index.php\/wp-json\/wp\/v2\/pages\/280","targetHints":{"allow":["GET"]}}],"collection":[{"href":"https:\/\/copropriete-binquenais.fr\/index.php\/wp-json\/wp\/v2\/pages"}],"about":[{"href":"https:\/\/copropriete-binquenais.fr\/index.php\/wp-json\/wp\/v2\/types\/page"}],"author":[{"embeddable":true,"href":"https:\/\/copropriete-binquenais.fr\/index.php\/wp-json\/wp\/v2\/users\/4"}],"replies":[{"embeddable":true,"href":"https:\/\/copropriete-binquenais.fr\/index.php\/wp-json\/wp\/v2\/comments?post=280"}],"version-history":[{"count":18,"href":"https:\/\/copropriete-binquenais.fr\/index.php\/wp-json\/wp\/v2\/pages\/280\/revisions"}],"predecessor-version":[{"id":997,"href":"https:\/\/copropriete-binquenais.fr\/index.php\/wp-json\/wp\/v2\/pages\/280\/revisions\/997"}],"wp:attachment":[{"href":"https:\/\/copropriete-binquenais.fr\/index.php\/wp-json\/wp\/v2\/media?parent=280"}],"curies":[{"name":"wp","href":"https:\/\/api.w.org\/{rel}","templated":true}]}}